= -3*j + 62, v*u - 183 = 4*j. Is u prime?
False
Suppose -6*j = -j - 4*p - 32, 0 = -j + 3*p + 13. Suppose 45 = j*t + t. Is t composite?
True
Let g(k) = 2*k**2 + 13*k - 2. Is g(-9) composite?
False
Is (1 + (-110 - 2))/(-1) prime?
False
Is (12/8)/((-12)/(-13544)) prime?
True
Let u = -502 + 300. Let j(h) = -h**2 - 1. Let b be j(-1). Is (-1)/(u/(-102) + b) prime?
False
Let w(a) be the first derivative of -1/4*a**4 + 4*a - 3/2*a**2 - 1 + 7/3*a**3. Is w(6) composite?
True
Let s(y) = 2 - 6*y + y - 38*y. Let a(v) = -v**3 - 7*v**2 + 8*v - 3. Let k be a(-8). Is s(k) a prime number?
True
Let o(a) = a**3 + 8*a**2 - 2*a + 7. Let h be 18/(-15)*(-20)/(-3). Is o(h) a prime number?
True
Suppose 0*m + 2*m - 20 = 0. Is 4/m + 84/15 a prime number?
False
Let y = 224 - 157. Is y composite?
False
Suppose 4*z - 315 = 241. Suppose 3*h = -3*l - z + 508, -2*h + 4*l + 270 = 0. Is h a composite number?
False
Let i(c) = c**2 + 7*c - 1. Is i(-11) composite?
False
Let c(y) = y**3 - 5*y**2 + 5*y - 2. Let f be c(4). Suppose x = f*x. Let d(m) = m + 19. Is d(x) a prime number?
True
Is 1 + 1 + (-375)/(25/(-5)) prime?
False
Let o(h) = -h. Let v(w) = -9*w - 185. Let i(s) = 6*o(s) - v(s). Is i(0) a composite number?
True
Let p(b) = b**3 + 5*b**2 - 7*b + 1. Let o be p(-6). Suppose 3*h + 1 - o = 0. Is h*(-39)/6*-1 composite?
False
Suppose 1317 = 7*t - 2981. Is t prime?
False
Let y(v) be the third derivative of v**6/120 - 3*v**3/2 - v**2. Let g be y(0). Is ((-92)/12)/(3/g) composite?
False
Suppose 5*v - 175 = -f + 71, -200 = -4*v - 4*f. Is v composite?
True
Let g = 3 + -1. Suppose -5*p = -3*u + g, -2*u - 3*u - p = -50. Suppose u = -3*k, -4*k = 3*i - 60 + 15. Is i composite?
False
Let g be 1 + (-3 - -2) - 4. Is g/(-6) + (-1924)/(-12) composite?
True
Let z be -104 + ((-4)/(-2) - 0). Suppose 0 = 2*k - 2*i - 408, -4*k = -6*k + 3*i + 413. Let v = k + z. Is v composite?
False
Let w(d) = d**3 + 2*d + 199. Let i be (-1)/(-2) + (-2)/4. Is w(i) a prime number?
True
Let u(o) = 2*o**3 - 6*o + 3. Is u(5) prime?
True
Suppose 12 - 4 = w. Let x(q) = -q**3 + 8*q**2 + 2*q + 3. Is x(w) a composite number?
False
Suppose 0 = -5*u - 0*u - 15. Let k = u - -3. Suppose k = -5*v - z + 57, v + 0 = 3*z + 5. Is v prime?
True
Let s(q) = 5*q**2 - 14*q - 2. Let n(i) = 6*i**2 - 13*i - 2. Let a be (-3*(-8)/3)/2. Let l(y) = a*n(y) - 5*s(y). Is l(9) composite?
False
Let m(v) = v**3 + 15*v**2 - 5*v - 10. Suppose 75 = -2*g - 3*g. Is m(g) composite?
True
Suppose 0*u = 5*u - 25. Suppose u*n - 33 = 2*n. Is n composite?
False
Let h be 2*(-4 - -3) - 560. Let l = -293 - h. Is l a composite number?
False
Let l(p) be the second derivative of 5*p**3/3 + p**2/2 - 2*p. Is l(1) a composite number?
False
Suppose 0 = -0*z + 2*z - 16. Suppose 148 = -4*t + z*t. Is t prime?
True
Let h(u) = -1002*u + 11. Is h(-3) a prime number?
False
Is (25/2 - 4)/(1/34) a prime number?
False
Suppose -25*v + 34*v - 11187 = 0. Is v a composite number?
True
Let a(s) = -77*s**3 + 2*s - 1. Let j be a(1). Suppose 3*y - 3*n + n = 351, -4*n - 587 = -5*y. Let v = y - j. Is v a prime number?
True
Let v = 13 + -7. Is (v/4)/(1/2) a prime number?
True
Let r(d) = d**2 - 7*d - 10. Let a be r(7). Let b(o) = o**3 + 16*o**2 + 12*o + 13. Is b(a) a composite number?
True
Suppose 0 = -4*a - 3*f + 521, -3*a = f - 2*f - 394. Is a a composite number?
False
Suppose v - 5*z + 7 = 0, -4*v - 5 = 2*z + z. Is (-816)/(-36) - v/6 a composite number?
False
Suppose 2*l = -5*k + 185, 0 = 2*k + 2*k + 4*l - 136. Is (1 - 0)/(3/k) composite?
False
Is ((-5)/2)/(-1)*22 a prime number?
False
Let h = 89 - 278. Let v = -110 - h. Is v a composite number?
False
Let w = 11 + -2. Let q(j) = -9*j**2 - 4*j - 3. Let o(n) = -n**3 + n + 1. Let v(a) = o(a) - q(a). Is v(w) composite?
True
Let p(t) = -3*t - 10. Let a be p(-5). Suppose s + 1 - a = 0. Is s a composite number?
True
Let q be 2 + (111 - (-8)/2). Suppose 3*z - q = -l + 5*z, -4*l + 3*z = -463. Is l prime?
False
Let i = 8 - 5. Let j = 34 + i. Is j composite?
False
Suppose -6*v + 254 = -2*v + j, -6 = 3*j. Let q = 111 - v. Is q prime?
True
Is (-3 + (-2)/(-2))*641/(-2) a prime number?
True
Suppose 0*l + 2*u = l + 7, 0 = -3*l + 2*u - 9. Let i(j) = -78*j**3 - 2*j**2 - 2*j - 1. Is i(l) composite?
True
Let f be (4 + -2)*(1 - 0). Suppose -3*u = -f*k + 6*k - 59, 5*k + 70 = 2*u. Is u prime?
False
Suppose 21 = 5*d - 204. Suppose -d = 4*t - 229. Is t a composite number?
True
Let r(s) = 6*s**2 - 2*s - 2. Suppose 4*d - 5*a = -27 + 3, 0 = -4*a + 16. Let m be 2*(d - (-10)/4). Is r(m) a prime number?
False
Let c(l) = -l**2 - 11*l + 19. Is c(-9) a prime number?
True
Let o(l) = -60*l - 25. Is o(-11) a prime number?
False
Suppose 5*p = 0, 2*u - 4*p - 15 = -3*u. Suppose 9 = -2*g + u*w, 0 = -4*g + 5*w + 2 - 19. Is (-130)/(-3) - g/(-9) composite?
False
Suppose 0*k + 2*k = 0. Suppose k = u - 3*u + 178. Is u a composite number?
False
Suppose 0 = 2*f - 0 - 6. Suppose g - f = -2*w + 1, -5*g = w - 11. Let j(v) = 2*v**3 - 4*v**2 + 2*v + 2. Is j(g) prime?
False
Suppose 0 = -2*b - 4*u - 4, -b + 1 - 3 = 4*u. Is (-77)/(2/(b/1)) a composite number?
True
Let b(k) = 6*k - 3. Let p = 7 + -5. Let n be b(p). Is 12*(2 + n/(-12)) a composite number?
True
Let w = 6 + -1. Suppose 0 = w*n - z - 416, -z - 3*z - 4 = 0. Is n a prime number?
True
Suppose 2*i + 5*o = o + 4030, 3*o = 3*i - 6063. Is i a prime number?
False
Suppose -2 - 13 = -h + 3*p, -5 = h + p. Suppose 3*a + a - 100 = h. Is a prime?
False
Let u = -543 + 2162. Is u composite?
False
Let p(d) = -3*d**3 - 8*d**2 - 2*d + 5. Let x(k) = 13*k**3 + 32*k**2 + 8*k - 19. Let b(c) = -9*p(c) - 2*x(c). Is b(-5) composite?
True
Let s(a) = a**3 + 7*a**2 + 7*a + 9. Let c be s(-6). Suppose c*y + y = 344. Is y a prime number?
False
Suppose -12 = -2*d + 62. Is d composite?
False
Is 129 + -7 - (3 - 0) prime?
False
Let s(i) = 5*i - 1. Let c be s(1). Let d(x) = -x + 9. Let v be d(7). Is c/v + 5/1 a composite number?
False
Let l(y) = -4*y - 2. Let g be l(-2). Suppose -b - b - g = 0. Is (b - -1) + 21 - -2 composite?
True
Let l be -1*((2 - 0) + -8). Let g = l - -19. Is g a composite number?
True
Suppose 2 + 1 = -3*q, -91 = -4*t - q. Is t a prime number?
True
Is 2*((-905)/(-10) + 1) a prime number?
False
Let v be 3/6*1*6. Suppose -2*l = 2*l + 4*c - 128, 0 = -3*l + v*c + 108. Suppose u = l + 17. Is u composite?
True
Let x = -12801 + 48347. Is (-2)/(-8) + x/56 composite?
True
Let v be 97/5 - 6/15. Suppose 0 = 4*y - 136 - 88. Let p = y - v. Is p composite?
False
Let n be (-6)/15 + 17/5. Suppose q = -n*q + 3*y + 157, 0 = -2*q + 5*y + 61. Is q a composite number?
False
Let l be (-2337)/(-15) + (-2)/(-10). Suppose 6*p - l = 2*p. Is (-4)/(24/p)*-2 a composite number?
False
Let j = 24 - 8. Suppose -5*m = -m - j. Suppose m*a - 184 = 84. Is a composite?
False
Let q = 88 - 53. Is q composite?
True
Let r be 12/(-1)*(-35)/(-10). Is (-4)/14 - 1566/r prime?
True
Suppose 4*f = 4*c - 367 - 353, 2*c - 359 = f. Is c prime?
True
Let b(r) = r**3 - r**2 + 18. Let i be b(0). Let h be 10*3/(i/3). Suppose -h*a = -0*q + q - 1659, -2*q - 323 = -a. Is a a composite number?
False
Let z(b) = b**2 - 6*b + 1. Let m be z(7). Let k(c) = 63*c - 13. Is k(m) a composite number?
False
Let a be 672/2 + (-1 - 1). Suppose -3*f + 5 = -1. Suppose -f*w - 5*l = -251, -2*w - w + l = -a. Is w composite?
False
Let j be (-429)/(-9) + 1/3. Let x = j - 23. Is x - (3/(-3) + 4) prime?
False
Let h = -20 + 12. Let s = 10 + h. Suppose 3*z + 4*n = 227 + 146, 3*z = s*n + 349. Is z composite?
True
Let r = -14 + 29. Is r a prime number?
False
Let t = 9 - 18. Is 3*137 + t + 13 prime?
False
Let y = -1 - -3. Suppose y*v - 5*o = 397, 0*o = -2*o + 6. Is v a prime number?
False
Suppose -s - 1688 = -5*s. Is s a composite number?
True
Suppose t = 3*t - 28. Let w be (-1)/3 - t/(-6). Suppose 6*z - 3*z = -2*q + 25, 3*q = -w*z + 20. Is z a composite number?
False
Let n(h) = 10*h + 10. Let i be n(-8). Let b(l) = -18*l - 5. Let g be b(-8). Let r = i + g. Is r a composite number?
True
Let j be (-423)/45 + (-4)/(-10). Is 6/j + (-177)/(-9) a composite number?
False
Suppose -13*t = -9*t + 292. Let h = t + 179. Is h a prime number?
False
Suppose 2*i + 772 + 1104 = -4*j, -i = -3*j - 1407. Let c = j + 1364. Is c prime?
False
Let g be 598 + 2/(4/(-6)). Is (g/2)/7*2 composite?
True
Suppose -4*k + 3 = 5*p + 8, 5*p + 5 = 5*k. Let s(z) be th